number?
True
Let t(z) = 4*z**3 + z**2 + 4*z - 10. Let s be t(5). Suppose -4*k - 74 = -j - 603, 0 = 4*k + j - s. Is k a prime number?
False
Let w(s) = -5*s**3 + 2*s**2 - 3*s - 1. Let y be 4/(-1) + 5/5. Is w(y) a prime number?
False
Let i(y) = -1250*y - 1. Is i(-6) composite?
False
Suppose 4*t - 8 = 0, -5*h = -0*t + t - 53587. Suppose 0 = -8*r - 2133 + h. Is r composite?
True
Suppose -76*x + 52*x = -461544. Is x prime?
True
Let u be ((-254)/(-6))/((-7)/42). Is (27/(-18))/(1/u) a prime number?
False
Let j = -10657 - -15416. Is j composite?
False
Let q be 0*(3 + -1 + -3). Suppose -1664 = -4*h - 3*x, 4*h + 2*x + 3*x - 1672 = q. Is h a composite number?
True
Suppose 1313*d = 1299*d + 44996. Is d composite?
True
Let j = -8615 + 14178. Is j composite?
False
Is (1623 - -5) + 12/(-2) composite?
True
Let f = -7214 + 12961. Is f a prime number?
False
Suppose 5*r + 110836 = 3*f, 0 = -5*f + r + 170054 + 14680. Is f prime?
True
Suppose 17*d - 19*d = -183542. Is d a prime number?
True
Let s(f) be the third derivative of 0 - 2*f**6 + 0*f**3 + 4*f**2 + 0*f**4 + 0*f - 1/60*f**5. Is s(-1) a composite number?
False
Let d(k) be the first derivative of 14*k**2 + 29*k + 3. Is d(13) prime?
False
Suppose 4*r - 7060 = t, -1765 = r - 2*r + t. Is r a prime number?
False
Let z(d) = -d - 9. Let g be z(-5). Let a be ((-4 - g)*1)/1. Suppose a*t - 1024 = -4*y - 2*t, 0 = 3*y + t - 769. Is y prime?
True
Suppose -2*m - 2*n = -119 - 329, -m = -5*n - 218. Suppose m + 577 = f. Is f/6 - (-9)/(-27) prime?
False
Let s(a) = -a - 15. Let m be s(-18). Suppose g - 566 = 2*n + n, 4*g - 2249 = -m*n. Is g a prime number?
True
Suppose -4*a - 5*q - 11 = -2*a, -a - q = 4. Let v be 3 + (-3)/9*a. Suppose -v*m + 132 = -464. Is m a composite number?
False
Let f be 9/3 + 0 + -5 + 2. Suppose 4*s + f*b - 3*b = 1887, 3*s + 3*b - 1410 = 0. Is s prime?
False
Let c = 79 - 5. Let k = -18 + 10. Is (4/k)/((-1)/c) a composite number?
False
Let l(g) = -g**3 - 13*g**2 - 3*g - 9. Suppose -5*a + 2*u = -4*a + 8, 4*u + 8 = 0. Let b be l(a). Let p = b - -412. Is p prime?
False
Suppose 2 + 2 = l, -5*d - 4*l = 89. Let p(s) = -s**2 - 39*s - 55. Is p(d) a composite number?
True
Let b be (10/(-15))/(1*(-6)/(-153)). Let h(c) = 24*c - 2*c**2 + 0*c**2 + 21 + 4*c**2. Is h(b) prime?
True
Let b(m) = m**2 - 3*m - 10. Let n be b(8). Suppose 0 = -2*o + 224 - n. Is o a prime number?
True
Let a(x) = x**2 - 5*x + 2. Let s be a(5). Let k be (417/6)/(1/s). Suppose 0*y = -y + k. Is y a prime number?
True
Suppose -1979 = -4*h + 1001. Is h a composite number?
True
Suppose 5*d = 2*d + 3, 2*j - 4*d = 7154. Suppose -j = -3*v + 3*g + 63, -3644 = -3*v + 5*g. Is v prime?
True
Let f = -1271 - -1808. Let p = f - -824. Is p composite?
False
Let t(w) = -96*w + 113. Is t(-29) a prime number?
True
Let n = 6 + -3. Is ((-73)/n)/((-1)/33) prime?
False
Suppose s - 3 = 0, -3*w - 5*s + 613 = -539. Let h = w - -142. Is h prime?
True
Is 23/(-69)*(-15339*1 + 0) a prime number?
True
Let o(u) = u. Let r be o(3). Let g(i) = -i**3 + 27*i**2 - 45*i - 87. Let f be g(25). Suppose 0 = r*h - 0*h + m - f, 5*m = h - 18. Is h a composite number?
False
Let l(j) = -97*j**3 + 4*j**2 + 3*j + 1. Let v = -33 - -31. Is l(v) a composite number?
False
Let j(w) = -w**2 - 7*w + 4. Let i be j(-7). Suppose 2*x = -i*z + 322, -249 - 156 = -5*z - 5*x. Is z/14 - 4/(-14) prime?
False
Suppose 0 = 3*f - 3*u - 3 + 6, -4*u + 19 = f. Is f*(4 + (-453)/(-9)) composite?
False
Suppose 3*u + 4*a - 19332 = -625, 0 = 3*u - 5*a - 18689. Is u composite?
True
Let m(u) = -6*u + 44. Let v(o) = -2*o + 15. Let z(s) = -6*m(s) + 17*v(s). Let b be z(6). Let h(p) = 12*p - 1. Is h(b) composite?
True
Let t be 4/18 + 14/18. Suppose t = -3*a + 16. Suppose 0 = -4*s + a*s - 789. Is s prime?
False
Suppose 0 = -3*g - 12, -2*q + 4*g + 10 = 3*g. Let u = 5 - q. Suppose 9 = u*f - 93. Is f a composite number?
True
Let u be (-8)/(-36) + 29772/162. Suppose g - 39 = 3*o, -2*o + 71 - 17 = 2*g. Let q = u + g. Is q prime?
False
Suppose 3*q + 10753 = 2*w, 5*q + 5375 = w + 3*q. Is w a prime number?
True
Is ((-3146920)/56)/((-2)/(-4)*-2) composite?
True
Let w(n) = 5*n**3 - n**2 - 12*n - 11. Let p(q) = -3*q**3 + q**2 + 6*q + 6. Let c(y) = -7*p(y) - 4*w(y). Is c(5) a prime number?
False
Let r = 3407 + -594. Is r composite?
True
Suppose -2*z + 4 = -46. Suppose -z*u = -28*u. Suppose -2*l + 0*l + i + 75 = u, 151 = 4*l - 3*i. Is l a composite number?
False
Suppose -4*p + 3*p = -2*j + 8185, -5*j = -5*p - 20455. Let u = j - 2832. Is u a composite number?
True
Suppose o + 3*o - 8 = 0, 0 = 2*g + 5*o + 1126. Let z be (-6)/2*g/6. Suppose 4*r - 248 = z. Is r a composite number?
True
Let w = -41 - -44. Suppose w*r + 2*j = -2*r + 5425, -r = -3*j - 1102. Is r a composite number?
False
Let n(r) = 442*r**2 + 14*r - 19. Is n(2) a composite number?
False
Let l be (-25)/(-125) - (-1)/(-5). Let x be -2 + -2 + (345 - l). Is x + (2 - 3) + -1 a composite number?
True
Let a(f) = 2*f**3 - 10*f**2 - 4*f + 7. Let l be a(6). Let c be (11 + 2)/((-2)/(-16)). Let m = c - l. Is m prime?
False
Let s be 5139/3 - (9 + -6). Let a = s - 781. Is a a prime number?
True
Suppose 3*m + 2*p = p + 2254, -2*m + 3*p = -1521. Is m a prime number?
False
Is (123452/42)/(2/(-1))*-3 a prime number?
True
Suppose -25 + 4 = 2*a - y, -3*y = a - 7. Let f = a + 14. Let l(m) = 66*m + 13. Is l(f) composite?
False
Let z(b) = 61*b**2 + 11*b - 5. Is z(21) a prime number?
True
Let k = -2 - -3. Suppose 2*l = -k - 49. Let i = 166 - l. Is i composite?
False
Suppose -12236 = 4*t + 2*m, -t - 3*m - 1137 = 1917. Let r = t - -7109. Is r composite?
False
Let i(k) = -2*k**3 - 8*k**2 - 10*k - 5. Let a be (-59)/5 + (-20)/100. Is i(a) a prime number?
False
Let o(j) = -11*j**2 - 2. Let q be o(7). Let h = -224 - q. Is h a prime number?
True
Let f(r) = 56*r - 23. Is f(5) composite?
False
Is (4574/(-1))/(-2*(7 - 6)) composite?
False
Let l(s) = s**3 + 12*s**2 - 11*s + 17. Let t be l(-13). Is 6/(-4)*(-1 + 4485/t) prime?
False
Let o(l) = l**3 - 16*l**2 - 15*l - 31. Let p be o(17). Suppose -3*z = -2*y + 499, -p*z - 6 = -5*z. Is y a composite number?
True
Suppose 0 = -c + 3*f + 5186, 10369 = 2*c + 5*f - 10*f. Is c a composite number?
True
Suppose -4*u + 4*q = 0, -2*u + 0*q = -4*q + 4. Let h be 28/u + (-21)/7. Let k(c) = 110*c + 3. Is k(h) a composite number?
False
Let a(m) = m**3 + 23*m**2 + 12*m - 217. Is a(29) composite?
True
Let g = -15 - -18. Suppose g*f - 750 = -2*f. Is f - (-2)/(-8)*4 a prime number?
True
Let f(p) = -77*p - 1184. Is f(-83) a prime number?
False
Let r = 98 - 42. Let k be (-1)/((-4)/r*2). Let m(f) = 38*f - 15. Is m(k) a prime number?
True
Suppose -5*k + 16 - 41 = 0, 2*k = -2*y - 26. Let z(f) be the third derivative of -5*f**4/24 - 5*f**3/6 + 15*f**2. Is z(y) composite?
True
Let g(u) = 415*u + 5. Let v(i) = 2*i + 8. Let n be v(-3). Is g(n) composite?
True
Let f(n) = 145*n + 3. Let q = -51 + 53. Is f(q) a prime number?
True
Let r(i) = -2*i - 7. Let q be r(-3). Let a(m) = 321*m**2 + 2*m. Is a(q) prime?
False
Suppose -3*n - 5*b = -128131, 9*n - 213541 = 4*n - 3*b. Is n a composite number?
True
Suppose 2*m + 2*m = -5*w + 3361, 5*m + 1351 = 2*w. Is w prime?
True
Let n = 48337 - 14678. Is n prime?
False
Suppose 0 = 2*d + 15 - 3. Is (-3)/9 + (-980)/d prime?
True
Let i(r) = -3*r**2 - 9*r + 1. Let n be i(-4). Suppose 0 = 3*h - 126 - 396. Let l = h + n. Is l prime?
True
Let l = 1209 - 98. Let t = l - 644. Is t prime?
True
Let y be (-21)/(-28) - 6/8. Suppose y = 5*j + 5*k + 19 - 139, 3*k = j - 8. Suppose -2*p = -18 - j. Is p a composite number?
False
Is (-36)/(-45) + 11/5 + 7054 a prime number?
True
Suppose 4 = 3*w - w. Suppose 0 = w*b - 27 - 2039. Suppose -3*q - 274 = -b. Is q composite?
True
Suppose 64204 = 2*a + 3*g, -4*a + 29344 + 99078 = -g. Is a a composite number?
True
Let d be ((-596)/(-1))/(4/6). Let x = 3 - d. Let j = -402 - x. Is j prime?
False
Suppose -2*d = -d - 41. Let y = d + -325. Let x = 605 + y. Is x a prime number?
False
Suppose 18*f - 22*f = 496. Is (-47)/(624/f - -5) a composite number?
True
Let c = 5 - -3. Suppose -6*o + c = -2*o. Suppose -4*w + 334 = -2*a, -w + 6*w - o*a = 419. Is w a composite number?
True
Let t(m) be the second derivative of 9*m**3/2 + 5*m**2/2 + 11*m. Is t(6) a composite number?
False
Let p = -13801 + 21954. Is p a prime number?
False
Let v = 22 - 26. Is -1*(v +